True
Is 80254103 a prime number?
True
Is 59140555 a prime number?
False
Is 10023389 prime?
True
Is 13986811 a composite number?
True
Is 73200137 a composite number?
False
Is 1642426499 a composite number?
True
Is 1322393 composite?
True
Is 94262639 a composite number?
True
Is 31110286 a composite number?
True
Is 2875049 prime?
True
Is 208442165 a prime number?
False
Is 136337497 prime?
False
Is 67850999 prime?
True
Is 54360049 a composite number?
False
Is 3288433 a composite number?
False
Is 17678537 a prime number?
True
Is 2311171 prime?
False
Is 9937222 a prime number?
False
Is 9417619 prime?
False
Is 2922013 a composite number?
True
Is 1657519 a prime number?
True
Is 48407377 composite?
True
Is 10919759 a composite number?
False
Is 34965941 composite?
True
Is 8982697 composite?
False
Is 13798562 a composite number?
True
Is 4238807 prime?
True
Is 4178701 prime?
True
Is 83684933 composite?
True
Is 139099 a prime number?
False
Is 48522317 a prime number?
False
Is 46171 a composite number?
False
Is 17249027 prime?
True
Is 84646559 a prime number?
True
Is 1600919597 a composite number?
True
Is 9666093 composite?
True
Is 3821483 a composite number?
False
Is 165466321 a composite number?
True
Is 2211647 composite?
False
Is 685385 composite?
True
Is 30775809 a composite number?
True
Is 1542949 prime?
False
Is 3900209 a composite number?
True
Is 782251 a prime number?
True
Is 52299461 prime?
True
Is 7888963 a prime number?
False
Is 8719699 a composite number?
False
Is 40099963 a prime number?
True
Is 3938249 a prime number?
False
Is 4984171 a prime number?
True
Is 8019821 a prime number?
True
Is 2134981 composite?
True
Is 24598859 prime?
True
Is 62309363 prime?
False
Is 1798873417 prime?
False
Is 114725155 a composite number?
True
Is 4240991 a prime number?
True
Is 2913653 prime?
False
Is 1948021 a composite number?
False
Is 109787933 a prime number?
True
Is 29397869 a prime number?
False
Is 19447007 a prime number?
True
Is 1924693 composite?
False
Is 317398501 composite?
True
Is 156467 a composite number?
False
Is 2518235 a prime number?
False
Is 14918543 composite?
False
Is 2978279 composite?
True
Is 193646129 composite?
False
Is 77650471 a prime number?
False
Is 403609 prime?
False
Is 288143 a prime number?
False
Is 7101587 prime?
False
Is 201547 composite?
False
Is 5572517 composite?
False
Is 1164407 prime?
False
Is 106979891 composite?
True
Is 4404503 a composite number?
False
Is 25864207 composite?
False
Is 5344151 a prime number?
True
Is 23248921 a composite number?
False
Is 4198451 a prime number?
False
Is 1545731 a composite number?
True
Is 176633342 composite?
True
Is 79711 composite?
True
Is 4617185 a prime number?
False
Is 582698 prime?
False
Is 127357753 prime?
False
Is 22501957 a prime number?
False
Is 7804387 a prime number?
True
Is 729573893 a composite number?
False
Is 524879 prime?
False
Is 145015963 prime?
True
Is 2812681 a composite number?
True
Is 16884431 composite?
True
Is 22250629 a composite number?
False
Is 2038177 prime?
True
Is 8680049 a composite number?
True
Is 78177241 prime?
True
Is 49559533 a prime number?
True
Is 9462979 a composite number?
False
Is 61826363 composite?
False
Is 42250619 a composite number?
False
Is 168277771 a composite number?
False
Is 2950327 prime?
False
Is 538913 a prime number?
False
Is 40658531 prime?
True
Is 46092463 a prime number?
False
Is 1892201 prime?
False
Is 455721323 prime?
False
Is 807239 a prime number?
False
Is 2440573 prime?
True
Is 10313 a composite number?
False
Is 1308847489 a composite number?
False
Is 10066883 a composite number?
True
Is 171249629 prime?
False
Is 73769 prime?
False
Is 8233349 composite?
False
Is 635833 composite?
True
Is 1617423 composite?
True
Is 245704663 prime?
True
Is 7156285 prime?
False
Is 99048427 a prime number?
False
Is 6874477 a composite number?
True
Is 61502093 prime?
True
Is 913907 composite?
False
Is 9997261 prime?
False
Is 9213377 a prime number?
False
Is 37577473 a prime number?
True
Is 17814841 a composite number?
True
Is 43521463 a prime number?
True
Is 905939 a composite number?
True
Is 3557109 prime?
False
Is 7276135 a prime number?
False
Is 152239331 a composite number?
False
Is 34243213 prime?
False
Is 656221 composite?
False
Is 88165933 a prime number?
True
Is 2815399 a composite number?
False
Is 462633 a composite number?
True
Is 5919877 composite?
False
Is 19336463 a prime number?
False
Is 173348479 composite?
False
Is 75332713 a prime number?
True
Is 9531307 a composite number?
False
Is 259117373 a prime number?
False
Is 43842313 prime?
True
Is 88389911 a composite number?
True
Is 6324709 a composite number?
False
Is 230987 a prime number?
False
Is 3984413 a composite number?
True
Is 402801901 prime?
False
Is 1871161 composite?
True
Is 823040627 a prime number?
False
Is 8695501 prime?
True
Is 114871049 a composite number?
False
Is 9539051 a composite number?
True
Is 52139001 a composite number?
True
Is 56359 prime?
True
Is 6464797 prime?
True
Is 234016151 prime?
False
Is 340261 prime?
True
Is 17091771 prime?
False
Is 287933 a prime number?
True
Is 24468701 a prime number?
True
Is 10316011 prime?
True
Is 159863 a composite number?
True
Is 96836891 composite?
True
Is 2504453 a prime number?
False
Is 77429683 a prime number?
False
Is 766027 prime?
False
Is 9173989 composite?
True
Is 1419559 a composite number?
True
Is 86791499 composite?
True
Is 43096429 a prime number?
False
Is 15956329 a prime number?
False
Is 67854151 a composite number?
True
Is 53364943 prime?
False
Is 714139 prime?
True
Is 2132734 composite?
True
Is 145216583 prime?
False
Is 188764733 composite?
True
Is 31134669 composite?
True
Is 10240729 a composite number?
True
Is 357145567 a prime number?
False
Is 25356451 a prime number?
True
Is 557771 prime?
False
Is 21873406 a prime number?
False
Is 10397707 prime?
True
Is 330206273 a composite number?
False
Is 82695563 a composite number?
True
Is 682214921 a composite number?
False
Is 580964999 a composite number?
False
Is 11870381 a prime number?
True
Is 72241 composite?
True
Is 10695287 a composite number?
True
Is 8639999 composite?
True
Is 148820443 composite?
False
Is 227717 prime?
False
Is 209894 composite?
True
Is 2465891 prime?
True
Is 100233823 composite?
False
Is 384614 a composite number?
True
Is 48549533 a composite number?
False
Is 1128661 a composite number?
False
Is 30847339 a prime number?
True
Is 344208169 a composite number?
False
Is 7163837 a composite number?
True
Is 3767297 a prime number?
True
Is 11516243 a prime number?
False
Is 38860483 composite?
True
Is 4197217 prime?
False
Is 11429239 a prime number?
True
Is 230532191 a prime number?
False
Is 518509 a prime number?
True
Is 1705639 a prime number?
False
Is 108364217 prime?
False
Is 11641033 a prime number?
True
Is 1933634919 prime?
False
Is 302143 a composite number?
False
Is 137463265 a prime number?
False
Is 2134893389 composite?
False
Is 54569 prime?
False
Is 8839139 a composite number?
False
Is 11476217 composite?
False
Is 37161149 composite?
True
Is 28292867 prime?
True
Is 40243 prime?
False
Is 7193755 a prime number?
False
Is 12654805 a prime number?
False
Is 345613 a prime number?
False
Is 35538985 a composite number?
True
Is 79280017 a prime number?
False
Is 960509995 composite?
True
Is 371668403 prime?
False
Is 917951 composite?
False
Is 1290749 a prime number?
False
Is 54560743 a prime number?
True
Is 38557433 a composite number?
False
Is 103172683 prime?
True
Is 200008147 composite?
False
Is 80841479 a composite number?
False
Is 6506881 a prime number?
True
Is 913253 a prime number?
False
Is 2451623 a prime number?
False
Is 37621943 composite?
False
Is 356870389 a prime number?
False
Is 320638759 prime?
False
Is 1143619 composite?
False
Is 135659 composite?
True
Is 50550609 a composite number?
True
Is 253213 composite?
True
Is 32187761 a prime number?
False
Is 46399229 prime?
False
Is 412721761 a prime number?
True
Is 122925679 a composite number?
False
Is 10801169 prime?
True
Is 650395567 composite?
False
Is 1117513 a composite number?
False
Is 29715667 composite?
False
Is 54470127 a prime number?
False
Is 82282 a composite number?
True
Is 5749409 composite?
False
Is 16954913 composite?
True
Is 38649067 a composite number?
False
Is 